nd 774?
43
Calculate the greatest common divisor of 452 and 321598.
226
Calculate the highest common factor of 64908 and 2052.
108
Calculate the highest common divisor of 1572 and 20.
4
Calculate the highest common factor of 10176 and 38478.
318
Calculate the highest common divisor of 114 and 1610991.
57
Calculate the greatest common divisor of 92 and 1388.
4
Calculate the highest common factor of 1037652 and 726.
66
What is the highest common factor of 425807 and 2639?
29
Calculate the greatest common divisor of 814 and 1116401.
407
What is the greatest common factor of 268 and 21142252?
268
Calculate the highest common factor of 366 and 37210.
122
What is the highest common factor of 3117073 and 109?
109
Calculate the highest common factor of 64 and 189008.
16
Calculate the highest common factor of 3 and 5919.
3
Calculate the highest common divisor of 51 and 1610597.
17
What is the highest common factor of 1455 and 3074415?
1455
Calculate the greatest common factor of 215 and 40377.
43
What is the greatest common factor of 7315 and 280060?
1045
What is the greatest common divisor of 65212 and 172312?
476
Calculate the greatest common factor of 2474 and 10.
2
What is the highest common factor of 6081 and 84?
3
Calculate the highest common divisor of 136 and 1361428.
68
Calculate the highest common divisor of 819 and 1211.
7
What is the highest common divisor of 184 and 64492?
92
What is the highest common factor of 142300 and 5?
5
What is the highest common divisor of 168 and 17195808?
168
Calculate the highest common divisor of 31455 and 108.
27
What is the greatest common divisor of 19110 and 21000?
210
What is the greatest common divisor of 5200 and 87750?
650
What is the greatest common divisor of 6383 and 61375?
491
What is the highest common factor of 237391 and 2079?
77
Calculate the greatest common factor of 512 and 112.
16
Calculate the greatest common divisor of 44033 and 11.
11
Calculate the highest common divisor of 1435 and 1939.
7
What is the highest common divisor of 120703 and 308?
11
What is the highest common divisor of 70 and 1019515?
35
What is the greatest common divisor of 304 and 19532?
76
What is the highest common factor of 11741 and 413?
59
What is the greatest common divisor of 76 and 2869?
19
What is the greatest common divisor of 8 and 57?
1
Calculate the greatest common divisor of 297 and 1848330.
99
What is the greatest common divisor of 7190 and 10?
10
What is the greatest common divisor of 1140 and 154128?
228
Calculate the highest common divisor of 178416 and 63.
63
What is the greatest common factor of 636 and 108915?
159
Calculate the highest common factor of 10695 and 18285.
345
Calculate the greatest common factor of 24952 and 24.
8
Calculate the highest common divisor of 510 and 31994.
34
Calculate the greatest common factor of 510276 and 1716.
156
Calculate the highest common divisor of 20383 and 5049.
187
Calculate the greatest common factor of 54 and 36567.
9
What is the highest common factor of 8 and 3544?
8
Calculate the greatest common factor of 12 and 137868.
12
Calculate the highest common divisor of 631021 and 569.
569
What is the highest common divisor of 5152 and 1127?
161
What is the greatest common divisor of 68746 and 851?
37
Calculate the greatest common factor of 19530 and 450.
90
Calculate the greatest common divisor of 207 and 853461.
207
What is the highest common factor of 16240 and 55?
5
What is the highest common divisor of 80965 and 10?
5
Calculate the greatest common factor of 1276 and 67396.
116
What is the greatest common factor of 275 and 35900?
25
Calculate the greatest common divisor of 4377 and 9.
3
Calculate the highest common divisor of 322 and 2346.
46
What is the highest common divisor of 5460 and 84435?
195
What is the highest common factor of 11136 and 3219?
87
Calculate the greatest common divisor of 642911 and 73.
73
What is the highest common factor of 1988 and 119?
7
What is the greatest common divisor of 12152 and 182?
14
What is the highest common divisor of 3504 and 6?
6
What is the highest common factor of 5396 and 266?
38
What is the highest common divisor of 142995 and 10?
5
What is the greatest common divisor of 327468 and 1392?
348
What is the greatest common divisor of 15368 and 1000?
8
Calculate the highest common factor of 72982 and 1391.
13
What is the highest common factor of 96 and 11052?
12
Calculate the greatest common divisor of 161 and 21.
7
Calculate the highest common divisor of 506 and 44068.
46
Calculate the greatest common divisor of 20 and 32790.
10
Calculate the greatest common factor of 53 and 22743996.
53
What is the greatest common factor of 1456 and 322112?
112
What is the greatest common factor of 106685 and 95?
95
What is the highest common factor of 1380 and 2503780?
460
Calculate the greatest common factor of 644 and 4284.
28
What is the greatest common factor of 55 and 79288?
11
Calculate the highest common factor of 216032 and 22016.
1376
Calculate the highest common divisor of 23220 and 17280.
540
Calculate the highest common factor of 130 and 4498.
26
Calculate the highest common divisor of 30581 and 53.
53
Calculate the greatest common divisor of 457824 and 28272.
912
What is the highest common factor of 339 and 921741?
339
Calculate the greatest common factor of 78672 and 240.
48
Calculate the highest common divisor of 281132 and 3082.
134
What is the greatest common factor of 58097 and 327?
109
What is the highest common factor of 7268 and 108388?
316
What is the greatest common divisor of 3510778 and 43?
43
What is the greatest common factor of 460 and 8185?
5
What is the highest common factor of 2925 and 331175?
325
Calculate the greatest common divisor of 5960 and 64360.
40
Calculate the highest common factor of 100060 and 4.
4
What is the greatest common factor of 96 and 30000?
48
Calculate the highest common divisor of 430 and 4816.
86
Calculate the highest common divisor of 1581965 and 1078.
539
What is the greatest common factor of 4488 and 4301?
187
What is the highest common divisor of 3418025 and 26?
13
Calculate the greatest common divisor of 439 and 281.
1
What is the highest common factor of 4851 and 31801?
539
What is the greatest common divisor of 180 and 171540?
180
Calculate the highest common divisor of 110 and 95360.
10
Calculate the highest common divisor of 2355 and 150.
15
What is the highest common divisor of 23814 and 98?
98
What is the greatest common divisor of 238 and 2686306?
238
Calculate the highest common divisor of 56289 and 51.
3
Calculate the highest common factor of 16902 and 567.
27
What is the highest common divisor of 55 and 4213?
11
What is the highest common divisor of 119799 and 1224?
153
What is the greatest common divisor of 123 and 707947?
41
What is the greatest common factor of 104 and 151056?
8
Calculate the highest common divisor of 522915 and 1065.
1065
Calculate the highest common factor of 26 and 159926.
26
What is the greatest common divisor of 2340 and 39852?
36
What is the highest common factor of 5786 and 15254?
526
Calculate the greatest common factor of 10256 and 3488.
16
What is the highest common factor of 1200 and 963150?
150
What is the highest common divisor of 124024 and 8?
8
Calculate the greatest common divisor of 11230300 and 4.
4
What is the greatest common divisor of 42005 and 310?
155
What is the highest common divisor of 370 and 635?
5
Calculate the highest common divisor of 95 and 586720.
95
What is the greatest common factor of 406 and 801241?
203
Calculate the greatest common factor of 1920 and 16032.
96
What is the highest common divisor of 68 and 72403?
17
What is the greatest common factor of 234 and 21798?
18
What is the greatest common divisor of 4182 and 3854?
82
What is the greatest common factor of 10991485 and 205?
205
What is the highest common factor of 306 and 13396?
34
Calculate the greatest common factor of 304560 and 1200.
240
What is the greatest common divisor of 133 and 74974?
19
Calculate the highest common factor of 66132 and 24.
12
What is the greatest common factor of 48314 and 102?
34
What is the greatest common divisor of 972 and 18225?
243
What is the highest common factor of 36 and 90081?
9
What is the highest common diviso